5481
In base 15, what is -41 + 28?
-18
In base 9, what is -20 + 14?
-5
In base 10, what is -108 + -1291?
-1399
In base 5, what is 22 - -100113?
100140
In base 2, what is -100 - 10100111000000001?
-10100111000000101
In base 5, what is -111 + -4234?
-4400
In base 9, what is 2 - -426343?
426345
In base 16, what is -2e7 + 5d?
-28a
In base 10, what is -5 - -91979?
91974
In base 4, what is 3 - 221303200?
-221303131
In base 9, what is -2 + 447613?
447611
In base 7, what is -203066 + -25?
-203124
In base 7, what is 134 - 3100?
-2633
In base 12, what is 4 + 71b?
723
In base 2, what is 1010000 + -1010010101?
-1001000101
In base 9, what is -62267 - -11?
-62256
In base 7, what is 1126 - -16536?
20665
In base 11, what is 1669 + -35?
1634
In base 9, what is 2612 - 572?
2030
In base 6, what is -2042 + 1011?
-1031
In base 9, what is -128 + -4127?
-4256
In base 4, what is 10 - 123122011?
-123122001
In base 14, what is -15ba2 - -1?
-15ba1
In base 11, what is 210 - -152?
362
In base 5, what is -3302 - -1044?
-2203
In base 10, what is 1 - 48852?
-48851
In base 5, what is 20 + -11203?
-11133
In base 10, what is -10 + 9926?
9916
In base 2, what is -11 + -110100010011010?
-110100010011101
In base 10, what is 169 + -232?
-63
In base 2, what is 11 + 10101110011111110?
10101110100000001
In base 12, what is -2a289 + 20?
-2a269
In base 12, what is -63b40 - 4?
-63b44
In base 4, what is 11 + 1330332123?
1330332200
In base 7, what is -5 - 332634?
-332642
In base 13, what is 9 + -3a26?
-3a1a
In base 3, what is -110121 + -1002?
-111200
In base 6, what is -4 + -1041322?
-1041330
In base 3, what is -10 + 111111022?
111111012
In base 10, what is 6486 - -3?
6489
In base 14, what is -1525828 - -3?
-1525825
In base 7, what is 3 + 104006?
104012
In base 9, what is 338106 + 1?
338107
In base 7, what is -315 + -645?
-1263
In base 15, what is 587 - 3c2?
1b5
In base 12, what is -71 - -125?
74
In base 2, what is 100 - -101001000101000000?
101001000101000100
In base 6, what is 1 + -134511?
-134510
In base 7, what is 5 + -42303?
-42265
In base 2, what is -1101011 + -100101001?
-110010100
In base 4, what is 21312120213 - -11?
21312120230
In base 6, what is 3 - 140030?
-140023
In base 2, what is 10100111110 - -110?
10101000100
In base 12, what is 7a7 - -12?
7b9
In base 8, what is 2 - 1430146?
-1430144
In base 7, what is -105 + 2354?
2246
In base 14, what is c5557 + 1?
c5558
In base 5, what is -12 - -421344?
421332
In base 10, what is 4 + 53326?
53330
In base 9, what is 853 - -1422?
2375
In base 2, what is 111 + 100110110000000111?
100110110000001110
In base 4, what is -201332323 + -10?
-201332333
In base 7, what is 2102555 - 0?
2102555
In base 9, what is 2123 - -83?
2216
In base 10, what is 637 - -2908?
3545
In base 4, what is 2 - 32113122?
-32113120
In base 13, what is 4 + -392c8?
-392c4
In base 5, what is -3113112 - -4?
-3113103
In base 7, what is -143121 - 2?
-143123
In base 5, what is -3 + 24122?
24114
In base 14, what is 282dd + -5?
282d8
In base 14, what is b + -25681?
-25674
In base 9, what is 568 - -26?
605
In base 15, what is -9 + -96e4?
-96ed
In base 4, what is 33000 - 10?
32330
In base 7, what is -424301 - -2?
-424266
In base 13, what is -3 - 1102?
-1105
In base 8, what is -463 - 234?
-717
In base 5, what is 11014141 + 4?
11014200
In base 12, what is 45 + -3?
42
In base 9, what is -28 + 34013?
33874
In base 6, what is 12 + -2311?
-2255
In base 9, what is 153838 + 3?
153842
In base 4, what is -10011002201 + 2?
-10011002133
In base 12, what is 9895 + 0?
9895
In base 11, what is -43989 + -28?
-43a06
In base 9, what is 1160 + 132?
1302
In base 7, what is -4 - -1042304?
1042300
In base 5, what is -2042 + 404?
-1133
In base 3, what is 1202011 - 1011020?
120221
In base 11, what is -203 + -2?
-205
In base 10, what is -136304 - -5?
-136299
In base 13, what is 0 + 4139?
4139
In base 2, what is -101010001111111 + -11110?
-101010010011101
In base 8, what is -16 - 132416?
-132434
In base 16, what is -58c518 + -1?
-58c519
In base 7, what is -230321 - 1?
-230322
In base 2, what is -1000010000 - 10100101010110?
-10101101100110
In base 14, what is 495c6 - -3?
495c9
In base 11, what is -98351 + -4?
-98355
In base 9, what is 61 + 340?
411
In base 3, what is 212 + 111020112?
111021101
In base 13, what is -325 + 46b?
146
In base 11, what is 625 - 2468?
-1943
In base 8, what is -203 + -105?
-310
In base 13, what is -a6 - -1337a?
132a4
In base 5, what is -110200 + -13?
-110213
In base 2, what is 10 + 101110011001000110?
101110011001001000
In base 13, what is 1c7 + 13a8?
15a2
In base 14, what is -2 - 4d59?
-4d5b
In base 8, what is 3 - 3645?
-3642
In base 15, what is 7c93 + c?
7ca0
In base 3, what is 11112222002 + -10?
11112221222
In base 6, what is -244 + -14423?
-15111
In base 15, what is 46cc + -3?
46c9
In base 5, what is 2 - -11130300?
11130302
In base 2, what is 100 - 1110110000011?
-1110101111111
In base 6, what is -42225 - 220?
-42445
In base 8, what is 101410 - 5?
101403
In base 14, what is -1a305 - -1?
-1a304
In base 13, what is 3 - 4b904?
-4b901
In base 9, what is -57170 - 5?
-57175
In base 12, what is -6b1 + 154?
-559
In base 3, what is -102 + 102210100?
102202221
In base 9, what is -32646 - 5?
-32652
In base 15, what is 8e26 - 6?
8e20
In base 15, what is c4 + -392?
-2bd
In base 3, what is -2010200212 - 20?
-2010201002
In base 16, what is 4 - c79?
-c75
In base 7, what is -230656 + -11?
-231000
In base 2, what is 1101 - -1000101110000?
1000101111101
In base 16, what is 38e3 + 92?
3975
In base 10, what is -144397 - -3?
-144394
In base 9, what is -11835 - -71?
-11754
In base 14, what is 14c7a + 3?
14c7d
In base 2, what is 11010 - 1000100?
-101010
In base 14, what is 921 - -a?
92b
In base 13, what is 1c40 + 242?
2182
In base 14, what is -142c + 7?
-1425
In base 8, what is 442 - 65?
355
In base 8, what is -2713345 - 5?
-2713352
In base 15, what is 5 - 25a4e?
-25a49
In base 5, what is 0 + -103?
-103
In base 15, what is -1857 - d?
-1865
In base 9, what is 244 - -1007?
1252
In base 12, what is 3 + 200?
203
In base 16, what is -b - 3031?
-303c
In base 15, what is 3 + -4d6ce?
-4d6cb
In base 3, what is 2010210020110 + -2?
2010210020101
In base 4, what is 2 - 1302303?
-1302301
In base 7, what is 141415 + -2?
141413
In base 15, what is -c8dd - 5?
-c8e3
In base 2, what is 11101000 - 100000111110?
-11101010110
In base 13, what is -2713 + -12?
-2725
In base 7, what is 51 - 1360?
-1306
In base 5, what is -113214 + 244?
-112420
In base 16, what is -2 - 8277?
-8279
In base 3, what is -1001220 - 211210?
-1220200
In base 3, what is -110102 - 102000211?
-102111020
In base 13, what is 1c6 - -a9?
2a2
In base 5, what is 10413420224 - 2?
10413420222
In base 10, what is 94959 + 4?
94963
In base 3, what is -1 + 10220112021100?
10220112021022
In base 15, what is 13 - -a526?
a539
In base 3, what is 2 + -2221?
-2212
In base 12, what is 613a + -5?
6135
In base 4, what is 10302 - 3222?
1020
In base 2, what is -1 + 11111011011?
11111011010
In base 2, what is 101000101000010101 - -100?
101000101000011001
In base 13, what is 9 - 7b1?
-7a5
In base 5, what is 2033040 - -42?
2033132
In base 9, what is 1722 - -264?
2086
In base 10, what is -5 - 13725?
-13730
In base 9, what is -420 - -33?
-376
In base 9, what is 2 - 7217?
-7215
In base 3, what is 2021201 - 2021?
2012110
In base 8, what is 1703766 - -2?
1703770
In base 14, what is -44a1b - -3?
-44a18
In base 4, what is 22330331 + -11?
22330320
In base 3, what is 1110101 - -1121211?
10002012
In base 16, what is 3 - -a089a?
a089d
In base 15, what is -4 + -9a2?
-9a6
In base 10, what is -243 + 36?
-207
In base 12, what is -1 + 339b?
339a
In base 5, what is 121 + -22024?
-21403
In base 12, what is 445b8 - 0?
445b8
In base 13, what is -1 + -5672?
-5673
In base 16, what is 24a - -8a?
2d4
In base 10, what is 1025 - 1261?
-236
In base 7, what is 11 - 221?
-210
In base 15, what is b2 + -261?
-19e
In base 5, what is 113242 - 1?
113241
In base 7, what is -2062 - -41?
-2021
In base 9, what is 4260840 + -5?
4260834
In base 11, what is a8a9 - -38?
a936
In base 8, what is -5577 + -75?
-5674
In base 14, what is 5 - -2334a?
23351
In base 3, what is 11100112101 - 1?
11100112100
In base 3, what is 0 + 10210102210?
10210102210
In base 11, what is -7 + 17602?
175a6
In base 12, what is 4 + 206744?
2067